= -x*z + 2*z + 4. Is 2547/v - (-18)/(-36) prime?
False
Let s(d) = 102*d**2 + 108*d - 2077. Is s(31) a composite number?
True
Suppose 10*c - 6*c = -32. Let u be (6/c)/(15/(-360)). Is (-1)/(-6) + 25179/u a prime number?
True
Suppose -165613 = -5*s - 3*w, -295*s + 291*s + 132489 = w. Is s a composite number?
True
Let t be (-8)/5*(-885)/236. Suppose -16624 = -2*a - t*a. Is a prime?
False
Let b(j) = 440894*j**2 + 151*j + 150. Is b(-1) a prime number?
True
Is (-8 - (11 + -18))*134789/(-1) composite?
False
Let z(q) = -424*q + 23. Let p(n) = 848*n - 47. Let x(w) = -4*p(w) - 9*z(w). Is x(7) a composite number?
True
Let c(r) = 0 - 8*r + 4 + 2 + r + 2436*r**3. Is c(1) a prime number?
False
Let v(s) be the third derivative of -s**4/24 + 21*s**2. Let q(l) = -106*l + 3. Let z(g) = -q(g) - 3*v(g). Is z(1) a composite number?
True
Is 18 + (-1771)/(-92)*23692 prime?
False
Suppose 5*h - j - 80 = -7, -9 = 3*j. Let k(w) be the first derivative of 12*w**2 - 41*w - 5853. Is k(h) prime?
False
Let c = -93316 - -170117. Is c a composite number?
False
Let t be (0 + (-9)/(-6))/(15/40). Suppose -20 = -t*w, 41 = 5*d + w - 10849. Is d a composite number?
True
Is -2*(44584950/200)/((-1)/(-2)*-3) a composite number?
False
Let d be (1688/(-16))/(26/(-12) + 2). Suppose 2*y - 2*h = 432, -3*y + 6*y = -2*h + d. Suppose -22 = t - y. Is t a composite number?
False
Let t(d) = 6*d**2 - 48*d - 36. Let o be t(11). Suppose 153*c = o*c - 8622. Is c a prime number?
False
Let k(p) = -21*p + 14. Let i be k(13). Let h = 3338 + i. Is h a prime number?
True
Suppose 47*o + 207*o = 1923542. Is o composite?
False
Let d be 71 + -2 + 2 + 4. Let k be (3875/d)/(1/3). Let q = -76 + k. Is q a prime number?
True
Suppose 9*i - 37*i + 66341 = -17*i. Is i a prime number?
False
Let k(r) = -30*r**3 - 57*r**2 + 38*r + 88. Is k(-27) composite?
False
Let x be (-206)/(-10) + 4/10. Suppose 0*o - x = -7*o. Suppose -2*d + 6895 = o*d. Is d composite?
True
Let d = 89 + -150. Let u = d - -61. Suppose -3*s + o - 382 = -2279, u = -4*s - 2*o + 2516. Is s a prime number?
True
Suppose -39*o + 94950 = 399673 - 3310024. Is o composite?
True
Suppose -4*n + 118 = 4*l - 6*l, 5*n = 2*l + 145. Suppose -n*h + 21*h + 37578 = 0. Is h composite?
False
Let n = 179 + -347. Let c = 635 + n. Is c composite?
False
Let h(s) = -s**3 - 11*s**2 - 32*s - 196. Let v be h(-27). Let t = v - -287. Is t composite?
False
Suppose -4*y + 2 = 14. Let l be y + 127 + 2 - (-2 - 0). Suppose 2*h - 3067 = -x - l, 5*x - 14671 = -2*h. Is x a prime number?
False
Is ((-9)/9 - (1 + 0))*1682204/(-8) a composite number?
False
Let g = -54 + 64. Suppose -g*h = 159 - 2749. Is h composite?
True
Suppose -w - 3*h = 2*w - 144, 2*h = 4. Let u = w - 43. Suppose -3*m + m = 4*o - 2242, u*o - 1664 = -5*m. Is o a composite number?
False
Let a be -2 + 19 + 1 + 0. Let y be (3 + -3)/2 + 3*2. Is ((-4)/y)/(a/(-19413)) a composite number?
False
Let x = 31005 + -16419. Suppose 26*p - 3639 = 25*p + 2*a, 4*p - x = 2*a. Is p a composite number?
True
Suppose -i - 156 + 159 = 0, -4*a = 2*i - 2125834. Is a a prime number?
True
Is ((-495701)/16)/(32/(-512)) a prime number?
True
Let y be (4/(-18))/(1 - (-20)/(-18)). Suppose 2*t - 536 = y*i, -5*t + 4*i = -4*t - 277. Is t composite?
True
Let b(n) = 3613*n**2 + 1. Let f be b(1). Suppose -p - p - 5*s = -f, -3*p + 2*s = -5459. Is p prime?
False
Let h = -2530687 - -4543658. Is h a composite number?
False
Let a(d) = -d**3 - 7*d**2 + 20*d + 37. Let x be (0 + (-12)/(-9))/((-18)/(-459)). Suppose 34*y + x = 32*y. Is a(y) prime?
False
Suppose -105*h + 2*y + 328608 = -101*h, 2*h - 164300 = -y. Is h composite?
True
Let r be 79736/40 - 6/(-10). Suppose a - 1003 = -4*u, -u + 5*u - r = -2*a. Is a a composite number?
False
Let h = 533 + -533. Suppose 4*x + 3*w - 194998 = h, -56*x + 5*w = -58*x + 97492. Is x prime?
True
Let m(a) = -3711*a - 3207. Is m(-68) composite?
True
Suppose d = -2*w + 4*d - 11, -3*d + 15 = 0. Let u(o) = 2*o**w + 2*o + 71 - 4*o - 82. Is u(-14) a composite number?
False
Suppose 96141 = -93*h + 94*h - 2*b, -2*b + 480777 = 5*h. Is h prime?
False
Let p(d) = 5*d**2 - 12*d + 63. Let i(g) = -g**2 - 3*g + 38. Let y be i(-9). Is p(y) composite?
True
Let q = -162 + 177. Let j(o) = 31*o**2 - 22*o + 73. Is j(q) composite?
True
Is (2572/(-8))/((-207)/32706) composite?
True
Let y = -29 - -34. Let f(v) = y*v + v**2 + v - 7 + 3*v + v. Is f(16) a composite number?
False
Let f = -78288 - -224989. Is f a composite number?
False
Let c(i) be the second derivative of -7/3*i**3 - 1/10*i**5 + 23/2*i**2 + 5/6*i**4 + 0 - 17*i. Is c(-11) a composite number?
False
Suppose 0 = -32*n + 11*n + 43*n - 2298142. Is n composite?
True
Let i(z) = z**3 + 7*z**2 + 5. Let s be i(-7). Let p be 3026*(1769/522 - 2/(-18)). Suppose -2*q + 3*w = -4241, s*q - 2*w + 6*w = p. Is q a prime number?
False
Suppose -950 = -a + 3*u, 4*u - 4786 = -5*a + u. Suppose -2*o = 5*y - 3610 - 4617, -3289 = -2*y + o. Let s = y - a. Is s prime?
False
Is (1320005 - -3 - -2)*(1222/52 + -23) a composite number?
True
Let n be (19 - 21)*(-2)/(-4). Let m be (n + 34)/(33/341). Let a = -220 + m. Is a composite?
True
Let i = 93 + -107. Let v be 2/2 + 1 + -6. Is (v/(-3))/(i/(-6447)) prime?
False
Suppose 19*m + 11*m - 463770 = 0. Suppose -6*a = -m - 1215. Is a a composite number?
True
Let a(g) = -1179*g + 147. Let d be a(-7). Suppose -t = 5*n - 5*t - 21001, 2*n - 2*t = d. Is n a composite number?
False
Let f(q) = 567*q - 302. Is f(29) composite?
False
Let g(r) = 2562*r**2 + 11*r + 125. Is g(4) prime?
True
Suppose -4*z + 8551 = 3*g - 2*z, 4*z = -2*g + 5714. Let k = g + -1288. Is k a composite number?
False
Suppose 0 = -5*s - 15 + 40. Suppose -2*p + 121 = s*z, -z + 0*z + 65 = p. Suppose h = -4*d + 18, -5*h - d = -41 - p. Is h composite?
True
Let q = 135 - 135. Suppose 0 = 5*r, 0*c + 3*c + 5*r - 11379 = q. Is c a prime number?
True
Is 337317 - (-77 - -38) - (-10)/2*1 a prime number?
True
Suppose -3 + 2 = t. Let h be (2 - (-10)/(-4))/(t/1576). Suppose -2*f + h = -2*w, -4*f - w + 2079 = 528. Is f prime?
True
Let x(w) = -7908*w**3 - 5*w**2 - 49*w - 159. Is x(-3) a composite number?
True
Let t(v) = -11*v - 1 + 11*v**2 + 15 - 2*v**3 + 0 + v**3. Let c be t(10). Suppose 4*b + a - 4846 = 0, -5*a + 4055 + 799 = c*b. Is b composite?
True
Let g = -11756 + 34017. Is g composite?
True
Let k(h) = 1880*h + 783. Is k(19) prime?
False
Let l(q) = -38*q**3 - 6*q**2 - 94*q - 79. Is l(-10) a prime number?
True
Suppose 0 = 2*g + 4 - 20. Let s(x) = 2*x**2 + 55*x + 94. Let f(u) = -3*u**2 - 82*u - 141. Let v(b) = g*s(b) + 5*f(b). Is v(24) composite?
True
Let n be 1*-2 + 8 + -2. Suppose f - 1 = 5*w - 11, -4*f + n*w - 8 = 0. Suppose -3*d - 5*t + 252 + 86 = f, -3*d - 2*t = -326. Is d a composite number?
True
Suppose 3*c = 5*n + 1156878, 2*c = -n + 255210 + 516029. Is c a prime number?
True
Let m(f) = -f**2 - f + 8. Let p be m(3). Let s(y) = 2*y**3 + 4*y**2 - 2*y + 6. Let z be s(p). Is (-6)/(-10) - 6920/z a prime number?
True
Let j be (3*1)/(63/104622). Let m = j - 1711. Is m a composite number?
False
Is ((-21)/(-49))/((-12)/40 + 19471784/64905680) prime?
False
Let x be ((-18)/36)/(-1*1/26). Let o(v) = -3*v + 9*v**2 - 1 + 4*v + 4*v + x*v**2. Is o(-4) a prime number?
True
Let c = -1074459 + 1818446. Is c a prime number?
True
Suppose -6272*q + 6274*q - 882879 = -5*p, -4*p + 2*q = -706278. Is p a composite number?
False
Suppose -11*i + 12 = 1. Is -17 + 22 + (-2 - (-12599 - i)) a composite number?
True
Let p(n) = 2*n - 49. Let o be p(14). Is (-4)/6 + -5 + (-416780)/o a prime number?
True
Suppose -37178 = -5*r + 21963 + 18084. Is r prime?
False
Suppose -2*q - 6 = 4, -4*h - 3*q = -162989. Is h composite?
False
Let v(x) = -194*x**3 - 10*x**2 - 2*x + 1. Let i be (6/(-4))/((-59)/(-118)). Is v(i) prime?
False
Let r be (-6)/12*-37*4. Let y = r - 76. Is (1/(10/(-3865)))/(y/28) a composite number?
True
Let y = 35 - 32. Let c be (-2)/y*144/12. Is (-9894)/(-10) + c/20 prime?
False
Is (-16)/(5 - 21)*4637 a prime number?
True
Suppose -72*c + 14023121 = -35*c + 96*c. Is c prime?
True
Let r(z) = -z - 8. Let j = 11 - 23. Let s be r(j). Is (44495/(-10))/(-11) + (-6)/s prime?
False
Suppose -32*r = -34*r + 4*m + 171198, -3*m - 85600 = -r. Is r composite?
False
Let d be 0/((-15)/5 + 1). Suppose 4*t = 2*i - 122, -140 = -2*i - 5*t - d*t. Is i composite?
True
Suppose 6